{"id":457,"date":"2023-07-26T12:22:45","date_gmt":"2023-07-26T10:22:45","guid":{"rendered":"https:\/\/redimemo.joseluisrivera.es\/?page_id=457"},"modified":"2023-07-26T12:22:45","modified_gmt":"2023-07-26T10:22:45","slug":"principales-publicaciones","status":"publish","type":"page","link":"https:\/\/wpd.ugr.es\/~redimemo\/principales-publicaciones\/","title":{"rendered":"Principales publicaciones"},"content":{"rendered":"\n<div class=\"inherit-container-width wp-block-group alignfull ext-my-0 ext is-layout-constrained wp-container-5 wp-block-group-is-layout-constrained\" style=\"padding-top:0px;padding-right:0px;padding-bottom:0px;padding-left:0px\">\n<div class=\"inherit-container-width wp-block-group alignfull is-layout-constrained wp-container-4 wp-block-group-is-layout-constrained\" style=\"padding-top:0;padding-right:0;padding-bottom:0;padding-left:0\">\n<div class=\"wp-block-cover alignfull is-light is-style-default editor:no-inserter\" style=\"min-height:350px\"><span aria-hidden=\"true\" class=\"wp-block-cover__background has-ast-global-color-1-background-color has-background-dim-80 has-background-dim\"><\/span><img decoding=\"async\" loading=\"lazy\" width=\"1940\" height=\"712\" class=\"wp-block-cover__image-background wp-image-630\" alt=\"\" src=\"https:\/\/wpd.ugr.es\/~redimemo\/wp-content\/uploads\/2023\/09\/imagen-web-1.jpg\" data-object-fit=\"cover\" srcset=\"https:\/\/wpd.ugr.es\/~redimemo\/wp-content\/uploads\/2023\/09\/imagen-web-1.jpg 1940w, https:\/\/wpd.ugr.es\/~redimemo\/wp-content\/uploads\/2023\/09\/imagen-web-1-300x110.jpg 300w, https:\/\/wpd.ugr.es\/~redimemo\/wp-content\/uploads\/2023\/09\/imagen-web-1-1024x376.jpg 1024w, https:\/\/wpd.ugr.es\/~redimemo\/wp-content\/uploads\/2023\/09\/imagen-web-1-768x282.jpg 768w, https:\/\/wpd.ugr.es\/~redimemo\/wp-content\/uploads\/2023\/09\/imagen-web-1-1536x564.jpg 1536w\" sizes=\"(max-width: 1940px) 100vw, 1940px\" \/><div class=\"wp-block-cover__inner-container is-layout-flow wp-block-cover-is-layout-flow\">\n<div class=\"inherit-container-width wp-block-group ext-px-base editor:no-inserter is-layout-constrained wp-container-2 wp-block-group-is-layout-constrained\" style=\"padding-top:0px;padding-right:0px;padding-bottom:0px;padding-left:0px\">\n<div class=\"inherit-container-width wp-block-group alignwide editor:no-inserter is-layout-constrained wp-container-1 wp-block-group-is-layout-constrained\" style=\"padding-top:0px;padding-right:0px;padding-bottom:0px;padding-left:0px\">\n<div class=\"wp-block-uagb-advanced-heading uagb-block-f58ff028\"><h1 class=\"uagb-heading-text\">Publicaciones<\/h1><\/div>\n\n\n\n<div class=\"wp-block-uagb-advanced-heading uagb-block-8d5300df\"><h2 class=\"uagb-heading-text\">Proyecto de Investigaci\u00f3n \u00abRelatos, discursos y gesti\u00f3n de la memoria y el pasado de agentes e intermediarios en la Monarqu\u00eda Hisp\u00e1nica (s. XVI-XVII)\u00bb<\/h2><\/div>\n<\/div>\n<\/div>\n<\/div><\/div>\n<\/div>\n<\/div>\n\n\n\n<h2 class=\"wp-block-heading has-ast-global-color-1-color has-text-color\" style=\"margin-top:50px;margin-right:0;margin-bottom:20px;margin-left:0\">Principales publicaciones<\/h2>\n\n\n\n\n\n<p>Antonio Jim\u00e9nez Estrella, \u201c<a href=\"https:\/\/editorial.ugr.es\/libro\/urdimbre-y-memoria-de-un-imperio-global_139388\/\" target=\"_blank\" rel=\"noreferrer noopener\"><strong>Los militares del Reino de Granada: agentes en circulaci\u00f3n de la Monarqu\u00eda Hisp\u00e1nica y discursos de legitimaci\u00f3n (1575-1625)<\/strong><\/a>\u201d, en Antonio Jim\u00e9nez Estrella, Juli\u00e1n J. Lozano Navarro, Francisco S\u00e1nchez-Montes Gonz\u00e1lez (eds.), <em>Urdimbre y memoria de un imperio global: redes de poder y circulaci\u00f3n de agentes en la Monarqu\u00eda Hisp\u00e1nica<\/em>, Granada, Universidad de Granada, 2023, pp. 89-121.<\/p>\n\n\n\n<p>Antonio Jim\u00e9nez Estrella, \u201c<strong><a rel=\"noreferrer noopener\" href=\"https:\/\/www.storiamediterranea.it\/wp-content\/uploads\/2021\/08\/3.Antonio-Jime%CC%81nez-Estrella.pdf\" target=\"_blank\">Defensa de la costa, captura y venta de esclavos norteafricanos en el Mediterr\u00e1neo. Los relatos de un caso de 1633 en el Reino de Granada<\/a><\/strong>\u201d, <em>Mediterranea Ricerche Storiche<\/em>, n. 52, 2021, pp. 331-362.<\/p>\n\n\n\n<p>Juli\u00e1n J. Lozano Navarro, \u201c<a rel=\"noreferrer noopener\" href=\"https:\/\/editorial.ugr.es\/libro\/urdimbre-y-memoria-de-un-imperio-global_139388\/\" target=\"_blank\"><strong>Felipe Spinola, Teodoro Trivulzio y el Estado de Mil\u00e1n en la crisis de la d\u00e9cada de 1640<\/strong><\/a>\u201d, en Antonio Jim\u00e9nez Estrella, Juli\u00e1n J. Lozano Navarro, Francisco S\u00e1nchez-Montes Gonz\u00e1lez (eds.), <em>Urdimbre y memoria de un imperio global: redes de poder y circulaci\u00f3n de agentes en la Monarqu\u00eda Hisp\u00e1nica<\/em>, Granada, Universidad de Granada, 2023, pp. 597-619.<\/p>\n\n\n\n<p>Juli\u00e1n J. Lozano Navarro, \u201c<strong><a href=\"https:\/\/doi.org\/10.47035\/atg.2023.86.5184\" target=\"_blank\" rel=\"noreferrer noopener\">La construcci\u00f3n de la memoria de una reina <em>jesu\u00edtica<\/em>: Mariana de Austria<\/a><\/strong>\u201d, <em>Archivo Teol\u00f3gico Granadino<\/em>, n. 86 (2023).<\/p>\n\n\n\n<p>Francisco S\u00e1nchez-Montes Gonz\u00e1lez, <strong>\u201c\u2018<a href=\"https:\/\/editorial.ugr.es\/libro\/urdimbre-y-memoria-de-un-imperio-global_139388\/\" target=\"_blank\" rel=\"noreferrer noopener\">Noticia del m\u00e1s horrendo Cometa que hasta ahora se ha visto y de las ruinas que amenazan al Imperio Otomano\u2019. La visi\u00f3n del turco en las relaciones del siglo XVII<\/a><\/strong>\u201d, en Antonio Jim\u00e9nez Estrella, Juli\u00e1n J. Lozano Navarro, Francisco S\u00e1nchez-Montes Gonz\u00e1lez (eds.), <em>Urdimbre y memoria de un imperio global: redes de poder y circulaci\u00f3n de agentes en la Monarqu\u00eda Hisp\u00e1nica<\/em>, Granada, Universidad de Granada, 2023, pp. 143-167.<\/p>\n\n\n\n<p>Francisco S\u00e1nchez-Montes Gonz\u00e1lez, \u201cCarlos V en Granada\u201d, en Asunci\u00f3n Jodar Mi\u00f1arro y Ricardo Mar\u00edn Viadel (eds.), <em>Pinturas murales de las habitaciones del Emperador Carlos V en la Alhambra: una hip\u00f3tesis visual<\/em>, Granada, Junta de Andaluc\u00eda, Consejer\u00eda de Cultura y Patrimonio Hist\u00f3rico \u2013 Universidad de Granada, 2021, pp. 455-469.<\/p>\n\n\n\n<p>Friedrich Edelmayer, \u201c<strong>Die Integration des amerikanischen Doppelkontinents in die Globalisierungsprozesse<\/strong>\u201c, en Andreas Obenaus (ed.), <em>Europas maritime Expansion. Ideen und Innovationen, Entdeckungen und Eroberungen,<\/em> vol 9. bis zum 18. <em>Jahrhundert, (Expansion \u00b7 Interaktion \u00b7 Akkulturation. Globalhistorische Skizzen<\/em>, vol. 39 (2021), pp. 191\u2013208.<\/p>\n\n\n\n<p>Friedrich Edelmayer, \u201c<strong>Los archiduques Rodolfo y Ernesto y la sucesi\u00f3n de Felipe II<\/strong>\u201d, en Emilio Callado Estela (ed.), <em>El advenimiento de la Casa de Austria a los Reinos Hisp\u00e1nicos<\/em>, Madrid, 2021, pp. 387\u2013399.<\/p>\n\n\n\n<p>Valentina Favar\u00f2, \u201c<strong><a href=\"https:\/\/www.torrossa.com\/en\/resources\/an\/5466036\" target=\"_blank\" rel=\"noreferrer noopener\">Guerra e finanza nella Sicilia del XVII secolo. La partecipazione del &nbsp;Regno alla politica internazionale della monarchia spagnola<\/a><\/strong>\u201d, en <em>Proposte e Ricerche, <\/em>87 (2022), pp. 99-114.<\/p>\n\n\n\n<p>Valentina Favar\u00f2, \u201c<strong><a href=\"https:\/\/editorial.tirant.com\/es\/libro\/los-mundos-ibericos-como-horizonte-metodologico-homenaje-a-isabel-aguirre-landa-juan-francisco-pardo-molero-9788418656361?busqueda=isabel+aguirre&amp;\" target=\"_blank\" rel=\"noreferrer noopener\">Hombres y espacios. Circulaci\u00f3n en la monarqu\u00eda de Espa\u00f1a en la primera edad moderna<\/a><\/strong>\u201d, en Juan Francisco Pardo Molero y Jos\u00e9 Javier Ruiz Ib\u00e1\u00f1ez (coords.), <em>Los mundos ib\u00e9ricos como horizonte metodol\u00f3gico<\/em>. <em>Homenaje a Isabel Aguirre Landa<\/em>, Valencia, Tirant Humanidades, 2021, pp. 467-490.<\/p>\n\n\n\n<p>Fernanda Alfieri, \u201c<strong><a href=\"https:\/\/www.rivisteweb.it\/doi\/10.48270\/105648\" target=\"_blank\" rel=\"noreferrer noopener\">La sessualit\u00e0 prima della \u00absessualit\u00e0\u00bb? Qualche domanda sul premoderno<\/a><\/strong>\u00bb, en <em>Frontiere della psicoanalisi<\/em>, 1, 2022, pp. 145-157.<\/p>\n\n\n\n<p>Fernanda Alfieri, <em><strong><a href=\"https:\/\/www.ibs.it\/veronica-diavolo-storia-di-esorcismo-libro-fernanda-alfieri\/e\/9788806211066\" target=\"_blank\" rel=\"noreferrer noopener\">Veronica e il diavolo. Storia di un esorcismo a Roma<\/a><\/strong><\/em>, Einaiudi, Tur\u00edn, 2021.<\/p>\n\n\n\n<p>Gibran Bautista y Lugo, <em><strong><a href=\"http:\/\/www.libros.unam.mx\/negociar-la-memoria-escenarios-actos-y-textos-del-primer-centenario-de-1521-en-nueva-espana-9786073046695-libro.html\" target=\"_blank\" rel=\"noreferrer noopener\">Negociar la memoria. Escenarios, actos y textos del primer centenario de 1521 en Nueva Espa\u00f1a<\/a><\/strong><\/em>, en la colecci\u00f3n M\u00e9xico 500, Direcci\u00f3n General de Publicaciones y Fomento Cultural\/Instituto de Investigaciones Hist\u00f3ricas, UNAM, M\u00e9xico, 2021.<\/p>\n\n\n\n<p>Gibran Bautista y Lugo, \u201c<strong><a href=\"https:\/\/www.redalyc.org\/journal\/3801\/380166823013\/html\/\" target=\"_blank\" rel=\"noreferrer noopener\">La rep\u00fablica en el reflejo de la justicia real. Un enviado de M\u00e9xico en Madrid, 1624-1626<\/a><\/strong>\u201d, en <em>Prohistoria<\/em>, n. 35 (2021), pp. 309-330.<\/p>\n\n\n\n<p>Javier Garc\u00eda Ben\u00edtez, \u201c<strong><a href=\"https:\/\/editorial.ugr.es\/libro\/urdimbre-y-memoria-de-un-imperio-global_139388\/\" target=\"_blank\" rel=\"noreferrer noopener\">Agentes del Imperio en ambos m\u00e1rgenes del Atl\u00e1ntico. Los Torres y Portugal o el engrandecimiento de un linaje a trav\u00e9s del servicio a la Monarqu\u00eda Hisp\u00e1nica<\/a><\/strong>\u201d, en en Antonio Jim\u00e9nez Estrella, Juli\u00e1n J. Lozano Navarro, Francisco S\u00e1nchez-Montes Gonz\u00e1lez (eds.), <em>Urdimbre y memoria de un imperio global: redes de poder y circulaci\u00f3n de agentes en la Monarqu\u00eda Hisp\u00e1nica<\/em>, Granada, Universidad de Granada, 2023, pp. 313-329.<\/p>\n\n\n\n<p>Garc\u00eda Ben\u00edtez, Javier, \u201c<strong>Privilegios, poder y conflictividad en la ciudad de Ja\u00e9n. El se\u00f1or\u00edo de Villardompardo en la ciudad de Ja\u00e9n<\/strong>\u201d, en <em>XII Estudios de Frontera. Monarqu\u00eda y ciudades de Frontera. Homenaje a Manuel Garc\u00eda Fern\u00e1ndez<\/em>, Toro Ceballos, Francisco (coord.), Ja\u00e9n, Diputaci\u00f3n Provincial de Ja\u00e9n, 2023, pp. 153-163.<\/p>\n\n\n\n<p>Julen Ibarburu Ant\u00f3n, Exposici\u00f3: \u201c<strong>La Nave de los Locos. Una odisea de la sinraz\u00f3n<\/strong>\u201d. Centre Cultural La Nau, Universitat de Val\u00e8ncia, maig-octubre 2022.&nbsp;<em>Actes d\u2019hist\u00f2ria de la ci\u00e8ncia i de la t\u00e8cnica<\/em>, 2022, Vol. 15, pp. 215-217.<\/p>\n\n\n\n<p>Julen Ibarburu Ant\u00f3n, \u201c<strong>La locura popular en la Ilustraci\u00f3n hisp\u00e1nica. Reflexiones en torno a la obra Los Locos de Granada<\/strong>\u201d, <em>Chronica Nova, Revista de historia moderna de la Universidad de Granada, <\/em>n.46 (2020), pp. 451-471.<\/p>\n\n\n\n<p>Jes\u00fas Rodr\u00edguez G\u00e1lvez, \u201c<strong><a href=\"https:\/\/medievalistas.es\/wp-content\/uploads\/2022\/04\/50.pdf\" target=\"_blank\" rel=\"noreferrer noopener\">El repartimiento y la repoblaci\u00f3n de Motril a finales del siglo XVI: \u00bf\u00e9xito o fracaso?<\/a><\/strong>\u201d, en Francisco Toro Ceballos (ed.), <em>Los Fern\u00e1ndez de C\u00f3rdoba: Nobleza, hegemon\u00eda y fama, Homenaje a Miguel \u00c1ngel Ladero Quesada<\/em>, Ayuntamiento de Alcal\u00e1 la Real, Alcal\u00e1 la Real, 2021, pp. 695-704.<\/p>\n\n\n\n<p>Sandra Su\u00e1rez Garc\u00eda, \u201c<strong><a href=\"https:\/\/www.usc.gal\/libros\/index.php?id_product=1174&amp;controller=product\" target=\"_blank\" rel=\"noreferrer noopener\">Woman of the Nasrid Royal Family and the Possession of Real Estate Through Four Examples<\/a><\/strong>\u201d, in TEIXEIRA DA CONCEI\u00c7\u00c3O, Rub\u00e9n; et.al. (eds.), <em>El camino del medievalista. Nuevos trabajos en Estudios Medievales. E fazian fondamentos<\/em>, Santiago de Compostela, University of Santiago de Compostela, 2023, pp. 165-186.<\/p>\n\n\n\n<p>Sandra Su\u00e1rez Garc\u00eda (et. Alii), \u201c<strong><a href=\"https:\/\/dialnet.unirioja.es\/servlet\/libro?codigo=860387\" target=\"_blank\" rel=\"noreferrer noopener\">Poder y salud: el Marist\u00e1n de Granada<\/a><\/strong>\u201d en Manuel Negri (et al.), <em>Nuevos trabajos en estudios medievales: historia, arte, filolog\u00eda, arqueolog\u00eda, <\/em>Universidad de Santiago de Compostela, 2022, pp. 295-316.<\/p>\n\n\n\n<p><\/p>\n\n\n\n<div class=\"wp-block-uagb-container uagb-block-42e7b83d alignfull uagb-is-root-container\"><div class=\"uagb-container-inner-blocks-wrap\">\n<div class=\"wp-block-uagb-container uagb-block-d3414be4\">\n<div class=\"wp-block-uagb-image uagb-block-246d28de wp-block-uagb-image--layout-default wp-block-uagb-image--effect-static wp-block-uagb-image--align-none\"><figure class=\"wp-block-uagb-image__figure\"><img decoding=\"async\" srcset=\"https:\/\/wpd.ugr.es\/~redimemo\/wp-content\/uploads\/2023\/07\/bibliografia.jpg \" sizes=\"(max-width: 480px) 150px\" src=\"https:\/\/wpd.ugr.es\/~redimemo\/wp-content\/uploads\/2023\/07\/bibliografia.jpg\" alt=\"Bibliograf\u00eda\" class=\"uag-image-541\" width=\"600\" height=\"400\" title=\"\" loading=\"lazy\"\/><\/figure><\/div>\n\n\n\n<div class=\"wp-block-uagb-info-box uagb-block-1e397c92 uagb-infobox__content-wrap  uagb-infobox-icon-above-title uagb-infobox-image-valign-top\"><div class=\"uagb-ifb-content\"><div class=\"uagb-ifb-title-wrap\"><h3 class=\"uagb-ifb-title\">Bibliograf\u00eda de inter\u00e9s<\/h3><\/div><p class=\"uagb-ifb-desc\">del proyecto REDIMEMO<\/p><div class=\"uagb-ifb-button-wrapper wp-block-button\"><a href=\"bibliografia\" class=\"uagb-infobox-cta-link wp-block-button__link\" target=\"_self\" rel=\"noopener noreferrer\" onclick=\"return true;\" alt=\"\"><span class=\"uagb-inline-editing\">M\u00e1s informaci\u00f3n<\/span><\/a><\/div><\/div><\/div>\n<\/div>\n\n\n\n<div class=\"wp-block-uagb-container uagb-block-7d4c5679\">\n<div class=\"wp-block-uagb-image uagb-block-13b4f1f9 wp-block-uagb-image--layout-default wp-block-uagb-image--effect-static wp-block-uagb-image--align-none\"><figure class=\"wp-block-uagb-image__figure\"><img decoding=\"async\" srcset=\"https:\/\/wpd.ugr.es\/~redimemo\/wp-content\/uploads\/2023\/07\/publicaciones-colectivas.jpg \" sizes=\"(max-width: 480px) 150px\" src=\"https:\/\/wpd.ugr.es\/~redimemo\/wp-content\/uploads\/2023\/07\/publicaciones-colectivas.jpg\" alt=\"Publicaciones colectivas\" class=\"uag-image-543\" width=\"600\" height=\"400\" title=\"\" loading=\"lazy\"\/><\/figure><\/div>\n\n\n\n<div class=\"wp-block-uagb-info-box uagb-block-989a1966 uagb-infobox__content-wrap  uagb-infobox-icon-above-title uagb-infobox-image-valign-top\"><div class=\"uagb-ifb-content\"><div class=\"uagb-ifb-title-wrap\"><h3 class=\"uagb-ifb-title\">Publicaciones colectivas<\/h3><\/div><p class=\"uagb-ifb-desc\">del proyecto REDIMEMO<\/p><div class=\"uagb-ifb-button-wrapper wp-block-button\"><a href=\"publicaciones-colectivas\" class=\"uagb-infobox-cta-link wp-block-button__link\" target=\"_self\" rel=\"noopener noreferrer\" onclick=\"return true;\" alt=\"\"><span class=\"uagb-inline-editing\">M\u00e1s informaci\u00f3n<\/span><\/a><\/div><\/div><\/div>\n<\/div>\n\n\n\n<div class=\"wp-block-uagb-container uagb-block-bae2d2d8\">\n<div class=\"wp-block-uagb-image uagb-block-8342a485 wp-block-uagb-image--layout-default wp-block-uagb-image--effect-static wp-block-uagb-image--align-none\"><figure class=\"wp-block-uagb-image__figure\"><img decoding=\"async\" srcset=\"https:\/\/wpd.ugr.es\/~redimemo\/wp-content\/uploads\/2023\/07\/principales-publicaciones.jpg \" sizes=\"(max-width: 480px) 150px\" src=\"https:\/\/wpd.ugr.es\/~redimemo\/wp-content\/uploads\/2023\/07\/principales-publicaciones.jpg\" alt=\"Principales publicaciones\" class=\"uag-image-544\" width=\"600\" height=\"400\" title=\"\" loading=\"lazy\"\/><\/figure><\/div>\n\n\n\n<div class=\"wp-block-uagb-info-box uagb-block-a2c9c0b0 uagb-infobox__content-wrap  uagb-infobox-icon-above-title uagb-infobox-image-valign-top\"><div class=\"uagb-ifb-content\"><div class=\"uagb-ifb-title-wrap\"><h3 class=\"uagb-ifb-title\">Principales publicaciones<\/h3><\/div><p class=\"uagb-ifb-desc\">del proyecto REDIMEMO<\/p><div class=\"uagb-ifb-button-wrapper wp-block-button\"><a href=\"principales-publicaciones\" class=\"uagb-infobox-cta-link wp-block-button__link\" target=\"_self\" rel=\"noopener noreferrer\" onclick=\"return true;\" alt=\"\"><span class=\"uagb-inline-editing\">M\u00e1s informaci\u00f3n<\/span><\/a><\/div><\/div><\/div>\n<\/div>\n<\/div><\/div>\n","protected":false},"excerpt":{"rendered":"<p>Principales publicaciones Antonio Jim\u00e9nez Estrella, \u201cLos militares del Reino de Granada: agentes en circulaci\u00f3n de la Monarqu\u00eda Hisp\u00e1nica y discursos de legitimaci\u00f3n (1575-1625)\u201d, en Antonio Jim\u00e9nez Estrella, Juli\u00e1n J. Lozano Navarro, Francisco S\u00e1nchez-Montes Gonz\u00e1lez (eds.), Urdimbre y memoria de un imperio global: redes de poder y circulaci\u00f3n de agentes en la Monarqu\u00eda Hisp\u00e1nica, Granada, Universidad &hellip;<\/p>\n<p class=\"read-more\"> <a class=\"\" href=\"https:\/\/wpd.ugr.es\/~redimemo\/principales-publicaciones\/\"> <span class=\"screen-reader-text\">Principales publicaciones<\/span> Leer m\u00e1s &raquo;<\/a><\/p>\n","protected":false},"author":1,"featured_media":0,"parent":0,"menu_order":0,"comment_status":"closed","ping_status":"closed","template":"","meta":{"_uag_custom_page_level_css":"","site-sidebar-layout":"default","site-content-layout":"default","ast-global-header-display":"","ast-banner-title-visibility":"","ast-main-header-display":"","ast-hfb-above-header-display":"","ast-hfb-below-header-display":"","ast-hfb-mobile-header-display":"","site-post-title":"disabled","ast-breadcrumbs-content":"","ast-featured-img":"","footer-sml-layout":"","theme-transparent-header-meta":"","adv-header-id-meta":"","stick-header-meta":"","header-above-stick-meta":"","header-main-stick-meta":"","header-below-stick-meta":"","footnotes":""},"uagb_featured_image_src":{"full":false,"thumbnail":false,"medium":false,"medium_large":false,"large":false,"1536x1536":false,"2048x2048":false},"uagb_author_info":{"display_name":"redimemo@ugr.es","author_link":"https:\/\/wpd.ugr.es\/~redimemo\/author\/redimemougr-es\/"},"uagb_comment_info":0,"uagb_excerpt":"Principales publicaciones Antonio Jim\u00e9nez Estrella, \u201cLos militares del Reino de Granada: agentes en circulaci\u00f3n de la Monarqu\u00eda Hisp\u00e1nica y discursos de legitimaci\u00f3n (1575-1625)\u201d, en Antonio Jim\u00e9nez Estrella, Juli\u00e1n J. Lozano Navarro, Francisco S\u00e1nchez-Montes Gonz\u00e1lez (eds.), Urdimbre y memoria de un imperio global: redes de poder y circulaci\u00f3n de agentes en la Monarqu\u00eda Hisp\u00e1nica, Granada, Universidad&hellip;","_links":{"self":[{"href":"https:\/\/wpd.ugr.es\/~redimemo\/wp-json\/wp\/v2\/pages\/457"}],"collection":[{"href":"https:\/\/wpd.ugr.es\/~redimemo\/wp-json\/wp\/v2\/pages"}],"about":[{"href":"https:\/\/wpd.ugr.es\/~redimemo\/wp-json\/wp\/v2\/types\/page"}],"author":[{"embeddable":true,"href":"https:\/\/wpd.ugr.es\/~redimemo\/wp-json\/wp\/v2\/users\/1"}],"replies":[{"embeddable":true,"href":"https:\/\/wpd.ugr.es\/~redimemo\/wp-json\/wp\/v2\/comments?post=457"}],"version-history":[{"count":0,"href":"https:\/\/wpd.ugr.es\/~redimemo\/wp-json\/wp\/v2\/pages\/457\/revisions"}],"wp:attachment":[{"href":"https:\/\/wpd.ugr.es\/~redimemo\/wp-json\/wp\/v2\/media?parent=457"}],"curies":[{"name":"wp","href":"https:\/\/api.w.org\/{rel}","templated":true}]}}