{"id":1021,"date":"2018-05-01T19:44:25","date_gmt":"2018-05-01T17:44:25","guid":{"rendered":"http:\/\/wpd.ugr.es\/~secyta2018\/?page_id=1021"},"modified":"2018-05-03T11:46:56","modified_gmt":"2018-05-03T09:46:56","slug":"becas","status":"publish","type":"page","link":"https:\/\/wpd.ugr.es\/~secyta2018\/becas\/","title":{"rendered":"Becas"},"content":{"rendered":"<p>Con el fin de promover la participaci\u00f3n de j\u00f3venes investigadores, SECyTA conceder\u00e1 becas para facilitar la asistencia a su reuni\u00f3n de los j\u00f3venes socios interesados de acuerdo con los siguientes requisitos: <\/p>\n<p><strong>Requisitos Generales: <\/strong><\/p>\n<ol>\n<li>Estar inscritos en la reuni\u00f3n de SECyTA 2018 y realizar el pago de la inscripci\u00f3n como cualquier otro participante<\/li>\n<li>Ser miembro de SECyTA<\/li>\n<li>Haber presentado una comunicaci\u00f3n aceptada por el Comit\u00e9 Cient\u00edfico<\/li>\n<li>Cumplir con otros requisitos espec\u00edficos que establece SECyTA: <a href=\"https:\/\/www.secyta.es\/es\/grantssecyta\">https:\/\/www.secyta.es\/es\/grantssecyta<\/a><\/li>\n<\/ol>\n<p>Las solicitudes se deben enviar, firmadas y con toda la documentaci\u00f3n que se solicita a la <a href=\"mailto:secretaria.secyta@gmail.com?subject=Ayudas%20SECyTA\">SECRETAR\u00cdA de la SECyTA<\/a><\/p>\n","protected":false},"excerpt":{"rendered":"<p>Con el fin de promover la participaci\u00f3n de j\u00f3venes investigadores, SECyTA conceder\u00e1 becas para facilitar la asistencia a su reuni\u00f3n de los j\u00f3venes socios interesados de acuerdo con los siguientes requisitos: Requisitos Generales: Estar inscritos en la reuni\u00f3n de SECyTA 2018 y realizar el pago de la inscripci\u00f3n como cualquier otro participante Ser miembro de &hellip; <a href=\"https:\/\/wpd.ugr.es\/~secyta2018\/becas\/\" class=\"more-link\">Seguir leyendo <span class=\"screen-reader-text\">Becas<\/span> <span class=\"meta-nav\">&rarr;<\/span><\/a><\/p>\n","protected":false},"author":1,"featured_media":0,"parent":0,"menu_order":0,"comment_status":"closed","ping_status":"closed","template":"","meta":[],"_links":{"self":[{"href":"https:\/\/wpd.ugr.es\/~secyta2018\/wp-json\/wp\/v2\/pages\/1021"}],"collection":[{"href":"https:\/\/wpd.ugr.es\/~secyta2018\/wp-json\/wp\/v2\/pages"}],"about":[{"href":"https:\/\/wpd.ugr.es\/~secyta2018\/wp-json\/wp\/v2\/types\/page"}],"author":[{"embeddable":true,"href":"https:\/\/wpd.ugr.es\/~secyta2018\/wp-json\/wp\/v2\/users\/1"}],"replies":[{"embeddable":true,"href":"https:\/\/wpd.ugr.es\/~secyta2018\/wp-json\/wp\/v2\/comments?post=1021"}],"version-history":[{"count":7,"href":"https:\/\/wpd.ugr.es\/~secyta2018\/wp-json\/wp\/v2\/pages\/1021\/revisions"}],"predecessor-version":[{"id":1094,"href":"https:\/\/wpd.ugr.es\/~secyta2018\/wp-json\/wp\/v2\/pages\/1021\/revisions\/1094"}],"wp:attachment":[{"href":"https:\/\/wpd.ugr.es\/~secyta2018\/wp-json\/wp\/v2\/media?parent=1021"}],"curies":[{"name":"wp","href":"https:\/\/api.w.org\/{rel}","templated":true}]}}