{"id":119,"date":"2018-01-23T21:34:29","date_gmt":"2018-01-23T19:34:29","guid":{"rendered":"http:\/\/wpd.ugr.es\/~secyta2018\/?page_id=119"},"modified":"2018-08-14T20:16:12","modified_gmt":"2018-08-14T18:16:12","slug":"awards","status":"publish","type":"page","link":"https:\/\/wpd.ugr.es\/~secyta2018\/awards\/","title":{"rendered":"Awards"},"content":{"rendered":"<p>Elegible participants of SECyTA 2018 can obtain any of the following awards:<\/p>\n<ul>\n<li><a href=\"#JAGD\">Jos\u00e9 Antonio Garc\u00eda Dom\u00ednguez award<\/a><\/li>\n<li><a href=\"#CIDAF\">CIDAF award<\/a><\/li>\n<\/ul>\n<hr>\n<h6 id=\"JAGD\">XIV Edition of the Jos\u00e9 Antonio Garc\u00eda Dom\u00ednguez Awards<\/h6>\n<p style=\"text-align: right;\">Sponsored by <a href=\"https:\/\/www.bruker.com\/\" target=\"_blank\" rel=\"noopener\"><img loading=\"lazy\" class=\"size-full wp-image-557 alignnone\" src=\"..\/wp-content\/uploads\/2018\/03\/bruker.png\" alt=\"\" width=\"125\" height=\"67\" \/><\/a><\/p>\n<p>The XIV edition of the Jos\u00e9 Antonio Garc\u00eda Dom\u00ednguez Awards aims to recognize the scientific value of communications in the field of Chromatography and Related Techniques. Such communications can be either oral presentations or posters presented by young researchers at the 18th Meeting of the Spanish Society of Chromatography and Related Techniques, to be held on October 2nd\u20134th, 2018.<\/p>\n<p style=\"padding-left: 60px;\"><img loading=\"lazy\" class=\"size-full wp-image-564 alignleft\" src=\"..\/wp-content\/uploads\/2018\/03\/JAGD.png\" alt=\"\" width=\"84\" height=\"100\" \/><\/p>\n<p>These awards are in honour of the memory of Prof. Jos\u00e9 Antonio Garc\u00eda Dom\u00ednguez, researcher of the Institute of Chemical &#8211; Physics Rocasolano from CSIC, pioneer in gas chromatography in Spain and one of the founding members of the Group of Chromatography and Related Techniques (GCTA, currently known as SECyTA).<\/p>\n<p>In this edition, the awards will consist of the following prizes:<\/p>\n<ul>\n<li>Prize for the best oral communication.<\/li>\n<li>Prize for the second best oral communication.<\/li>\n<li>Prize for the best poster.<\/li>\n<li>Prize for the second best poster.<\/li>\n<\/ul>\n<p>The terms of the Jos\u00e9 Antonio Garc\u00eda Dom\u00ednguez Awards are the following:<\/p>\n<ol>\n<li>The awards are aimed to young researchers (Bachelor and PhD) who are currently members of SECyTA. The Organizing Committee considers young researchers those who are conducting their doctoral thesis or developing a research work and who have obtained their Bachelor degree less than 6 years ago, or who have defended their Master Thesis or equivalent less than 5 years ago. For PhD young researchers, the Organizing Committee understands those who have obtained their PhD 5 years ago maximum.<\/li>\n<li>Young researchers who have previously received the Jos\u00e9 Antonio Garc\u00eda Dom\u00ednguez Award in the same category in one of the last two editions will not be eligible for the XIV Edition.<\/li>\n<li>The jury will consist of members of the Scientific Committee. The Organizing Committee might ask for information from experts on specific topics if needed.<\/li>\n<li>All communications submitted for award qualification, either oral communications or posters, have to be presented in English.<\/li>\n<li>The winning communications will be selected from all those presented at the 18th Meeting of the Spanish Society of Chromatography and Related Techniques.<\/li>\n<li>The winning communications will be announced at the Closing Ceremony of the 18th Meeting of the Spanish Society of Chromatography and Related Techniques, which will be held on October 4th, 2018.<\/li>\n<\/ol>\n<hr>\n<h6 id=\"CIDAF\">CIDAF Award<\/h6>\n<p style=\"text-align: right;\">Sponsored by <a href=\"http:\/\/cidaf.es\/\" target=\"_blank\" rel=\"noopener\"><img loading=\"lazy\" class=\"size-full wp-image-557 alignnone\" src=\"..\/wp-content\/uploads\/2018\/07\/Cidaf.jpg\" alt=\"\" width=\"180\" height=\"67\" \/><\/a><\/p>\n<p>The Research and Development Technological Center for Functional Foods and Nutraceuticals (CIDAF) rewards with 200 \u20ac the best poster in the field \u00abUse of separative techniques to analyze functional foods and\/or bioactive compounds\u00bb.<\/p>\n<p>This award also includes the possibility to establish collaborations or conduct internships at CIDAF.<\/p>\n","protected":false},"excerpt":{"rendered":"<p>Elegible participants of SECyTA 2018 can obtain any of the following awards: Jos\u00e9 Antonio Garc\u00eda Dom\u00ednguez award CIDAF award XIV Edition of the Jos\u00e9 Antonio Garc\u00eda Dom\u00ednguez Awards Sponsored by The XIV edition of the Jos\u00e9 Antonio Garc\u00eda Dom\u00ednguez Awards aims to recognize the scientific value of communications in the field of Chromatography and Related &hellip; <a href=\"https:\/\/wpd.ugr.es\/~secyta2018\/awards\/\" class=\"more-link\">Seguir leyendo <span class=\"screen-reader-text\">Awards<\/span> <span class=\"meta-nav\">&rarr;<\/span><\/a><\/p>\n","protected":false},"author":1,"featured_media":0,"parent":0,"menu_order":0,"comment_status":"closed","ping_status":"closed","template":"","meta":[],"_links":{"self":[{"href":"https:\/\/wpd.ugr.es\/~secyta2018\/wp-json\/wp\/v2\/pages\/119"}],"collection":[{"href":"https:\/\/wpd.ugr.es\/~secyta2018\/wp-json\/wp\/v2\/pages"}],"about":[{"href":"https:\/\/wpd.ugr.es\/~secyta2018\/wp-json\/wp\/v2\/types\/page"}],"author":[{"embeddable":true,"href":"https:\/\/wpd.ugr.es\/~secyta2018\/wp-json\/wp\/v2\/users\/1"}],"replies":[{"embeddable":true,"href":"https:\/\/wpd.ugr.es\/~secyta2018\/wp-json\/wp\/v2\/comments?post=119"}],"version-history":[{"count":28,"href":"https:\/\/wpd.ugr.es\/~secyta2018\/wp-json\/wp\/v2\/pages\/119\/revisions"}],"predecessor-version":[{"id":1740,"href":"https:\/\/wpd.ugr.es\/~secyta2018\/wp-json\/wp\/v2\/pages\/119\/revisions\/1740"}],"wp:attachment":[{"href":"https:\/\/wpd.ugr.es\/~secyta2018\/wp-json\/wp\/v2\/media?parent=119"}],"curies":[{"name":"wp","href":"https:\/\/api.w.org\/{rel}","templated":true}]}}