{"id":284,"date":"2018-02-19T20:18:57","date_gmt":"2018-02-19T18:18:57","guid":{"rendered":"http:\/\/wpd.ugr.es\/~secyta2018\/?page_id=284"},"modified":"2018-09-28T19:30:12","modified_gmt":"2018-09-28T17:30:12","slug":"curso","status":"publish","type":"page","link":"https:\/\/wpd.ugr.es\/~secyta2018\/curso\/","title":{"rendered":"Curso SEEM"},"content":{"rendered":"<p><strong>Programa del curso de LC-MS &#8211; 1 de octubre<\/strong><\/p>\n<table class=\"seem\">\n<tbody>\n<tr class=\"hztop\">\n<td class=\"left\" rowspan=\"2\">Profesores:<\/td>\n<td class=\"left\">Encarnaci\u00f3n Moyano (Universidad de Barcelona)<\/td>\n<\/tr>\n<tr>\n<td class=\"left\">Juan Vicente Sancho (Universidad Jaume I)<\/td>\n<\/tr>\n<tr class=\"hztop\">\n<td class=\"left\" rowspan=\"2\">09:00 &#8211; 10:30<\/td>\n<td class=\"left\">Presentaci\u00f3n del curso<\/td>\n<\/tr>\n<tr>\n<td class=\"left\">Introducci\u00f3n y fundamentos del acoplamiento LC-MS<\/td>\n<\/tr>\n<tr>\n<td class=\"left\">10:00 &#8211; 11:30<\/td>\n<td class=\"left\">Fuentes de ionizaci\u00f3n: Electrospray, APCI, APPI<\/td>\n<\/tr>\n<tr>\n<td class=\"left\">11:30 &#8211; 12:00<\/td>\n<td class=\"left\">Descanso<\/td>\n<\/tr>\n<tr>\n<td class=\"left\">12:00 &#8211; 13:00<\/td>\n<td class=\"left\">Analizadores de masas: Baja resoluci\u00f3n (cuadrupolos, trampas de iones)<\/td>\n<\/tr>\n<tr>\n<td class=\"left\">13:00 &#8211; 14:00<\/td>\n<td class=\"left\">Analizadores de masas: Alta resoluci\u00f3n (TOF, Orbitrap)<\/td>\n<\/tr>\n<tr>\n<td class=\"left\">14:00 &#8211; 15:00<\/td>\n<td class=\"left\">Comida<\/td>\n<\/tr>\n<tr>\n<td class=\"left\">15:00 &#8211; 16:00<\/td>\n<td class=\"left\">Movilidad i\u00f3nica<\/td>\n<\/tr>\n<tr>\n<td class=\"left\">16:00 &#8211; 16:30<\/td>\n<td class=\"left\">Descanso<\/td>\n<\/tr>\n<tr>\n<td class=\"left\">16:30 &#8211; 17:30<\/td>\n<td class=\"left\">Espectrometr\u00eda de masas en t\u00e1ndem<\/td>\n<\/tr>\n<tr>\n<td class=\"left\">17:30 &#8211; 18:30<\/td>\n<td class=\"left\">An\u00e1lisis cuantitativo<\/td>\n<\/tr>\n<tr>\n<td class=\"left\">18: 30 &#8211; 19:00<\/td>\n<td class=\"left\">Estrategias para la identificaci\u00f3n y caracterizaci\u00f3n de compuestos org\u00e1nicos<\/td>\n<\/tr>\n<tr class=\"hzbottom\">\n<td class=\"left\">19:00 &#8211; 19:15<\/td>\n<td class=\"left\">Clausura del curso<\/td>\n<\/tr>\n<\/tbody>\n<\/table>\n<p>Cuotas de inscripci\u00f3n (21% de IVA inclu\u00eddo).<\/p>\n<table class=\"ancha\">\n<tbody>\n<tr>\n<td><\/td>\n<td><\/td>\n<td>Antes de 24\/9\/2018<\/td>\n<td>Despu\u00e9s de 24\/9\/2018<\/td>\n<\/tr>\n<tr>\n<td class=\"nr\" rowspan=\"4\"><strong>Inscripci\u00f3n curso SEEM<\/strong><\/td>\n<td class=\"nr\">General<\/td>\n<td class=\"nr\">220 \u20ac<\/td>\n<td class=\"nr\">265 \u20ac<\/td>\n<\/tr>\n<tr>\n<td class=\"nr\">Miembros de SECyTA, SEEM o GRASEQA<\/td>\n<td class=\"nr\">190 \u20ac<\/td>\n<td class=\"nr\">225 \u20ac<\/td>\n<\/tr>\n<tr>\n<td class=\"nr\">Estudiantes<\/td>\n<td class=\"nr\">150 \u20ac<\/td>\n<td class=\"nr\">180 \u20ac<\/td>\n<\/tr>\n<tr>\n<td class=\"nr\">Estudiantes miembros de SECyTA, SEEM o GRASEQA<\/td>\n<td class=\"nr\">120 \u20ac<\/td>\n<td class=\"nr\">145 \u20ac<\/td>\n<\/tr>\n<\/tbody>\n<\/table>\n<p><!--Puede inscribirse en el curso completando el siguiente formulario:\n\n\n<ul>\n \t\n\n<li><a href=\"..\/inscripcion\/\">Formulario de inscripci\u00f3n<\/a><\/li>\n\n\n<\/ul>\n\n--><\/p>\n<h3>Ubicaci\u00f3n:<\/h3>\n<p><img loading=\"lazy\" src=\"..\/wp-content\/uploads\/2018\/09\/Plano-Facultad-de-Ciencias.jpg\" alt=\"\" width=\"800\" height=\"797\" \/><\/p>\n","protected":false},"excerpt":{"rendered":"<p>Programa del curso de LC-MS &#8211; 1 de octubre Profesores: Encarnaci\u00f3n Moyano (Universidad de Barcelona) Juan Vicente Sancho (Universidad Jaume I) 09:00 &#8211; 10:30 Presentaci\u00f3n del curso Introducci\u00f3n y fundamentos del acoplamiento LC-MS 10:00 &#8211; 11:30 Fuentes de ionizaci\u00f3n: Electrospray, APCI, APPI 11:30 &#8211; 12:00 Descanso 12:00 &#8211; 13:00 Analizadores de masas: Baja resoluci\u00f3n (cuadrupolos, &hellip; <a href=\"https:\/\/wpd.ugr.es\/~secyta2018\/curso\/\" class=\"more-link\">Seguir leyendo <span class=\"screen-reader-text\">Curso SEEM<\/span> <span class=\"meta-nav\">&rarr;<\/span><\/a><\/p>\n","protected":false},"author":1,"featured_media":0,"parent":0,"menu_order":0,"comment_status":"closed","ping_status":"closed","template":"","meta":[],"_links":{"self":[{"href":"https:\/\/wpd.ugr.es\/~secyta2018\/wp-json\/wp\/v2\/pages\/284"}],"collection":[{"href":"https:\/\/wpd.ugr.es\/~secyta2018\/wp-json\/wp\/v2\/pages"}],"about":[{"href":"https:\/\/wpd.ugr.es\/~secyta2018\/wp-json\/wp\/v2\/types\/page"}],"author":[{"embeddable":true,"href":"https:\/\/wpd.ugr.es\/~secyta2018\/wp-json\/wp\/v2\/users\/1"}],"replies":[{"embeddable":true,"href":"https:\/\/wpd.ugr.es\/~secyta2018\/wp-json\/wp\/v2\/comments?post=284"}],"version-history":[{"count":35,"href":"https:\/\/wpd.ugr.es\/~secyta2018\/wp-json\/wp\/v2\/pages\/284\/revisions"}],"predecessor-version":[{"id":1834,"href":"https:\/\/wpd.ugr.es\/~secyta2018\/wp-json\/wp\/v2\/pages\/284\/revisions\/1834"}],"wp:attachment":[{"href":"https:\/\/wpd.ugr.es\/~secyta2018\/wp-json\/wp\/v2\/media?parent=284"}],"curies":[{"name":"wp","href":"https:\/\/api.w.org\/{rel}","templated":true}]}}