{"id":410,"date":"2021-04-09T14:40:19","date_gmt":"2021-04-09T13:40:19","guid":{"rendered":"http:\/\/wpd.ugr.es\/~sejyd\/?page_id=410"},"modified":"2023-08-12T02:43:34","modified_gmt":"2023-08-12T01:43:34","slug":"sejyd-2021","status":"publish","type":"page","link":"https:\/\/wpd.ugr.es\/~sejyd\/sejyd-2021\/","title":{"rendered":"SEJyD 2021 Madrid"},"content":{"rendered":"<p><img decoding=\"async\" class=\"aligncenter wp-image-496\" src=\"http:\/\/wpd.ugr.es\/~sejyd\/wp-content\/uploads\/2021\/04\/baner.png\" alt=\"\" width=\"100%\" \/><\/p>\n<table class=\" aligncenter\" style=\"border-color: #ffffff; background-color: #ffffff;\" border=\"0\">\n<tbody>\n<tr>\n<td style=\"text-align: justify;\">We are happy to announce that the\u00a0third\u00a0<strong>SEJyD<\/strong>\u00a0meeting will take place on\u00a0<strong>November 16, 2021<\/strong>. The event will be held at the Faculty of Psychology of the\u00a0<strong>Autonomous University of Madrid<\/strong>. We are working under the assumption that it will be possible to hold this meeting physically at UAM. But we are also making all arrangements so that it can be quickly converted to an online meeting, if necessary.<\/td>\n<\/tr>\n<\/tbody>\n<\/table>\n<table class=\" aligncenter\" border=\"0\">\n<tbody>\n<tr>\n<td style=\"text-align: justify;\"><img decoding=\"async\" loading=\"lazy\" class=\"wp-image-424 alignleft\" src=\"http:\/\/wpd.ugr.es\/~sejyd\/wp-content\/uploads\/2021\/04\/Helena-Matute-300x225.jpg\" alt=\"\" width=\"304\" height=\"228\" srcset=\"https:\/\/wpd.ugr.es\/~sejyd\/wp-content\/uploads\/2021\/04\/Helena-Matute-300x225.jpg 300w, https:\/\/wpd.ugr.es\/~sejyd\/wp-content\/uploads\/2021\/04\/Helena-Matute-768x576.jpg 768w, https:\/\/wpd.ugr.es\/~sejyd\/wp-content\/uploads\/2021\/04\/Helena-Matute-1024x768.jpg 1024w, https:\/\/wpd.ugr.es\/~sejyd\/wp-content\/uploads\/2021\/04\/Helena-Matute-510x382.jpg 510w, https:\/\/wpd.ugr.es\/~sejyd\/wp-content\/uploads\/2021\/04\/Helena-Matute-1080x810.jpg 1080w, https:\/\/wpd.ugr.es\/~sejyd\/wp-content\/uploads\/2021\/04\/Helena-Matute.jpg 2048w\" sizes=\"(max-width: 304px) 100vw, 304px\" \/>We are also glad to announce that this year&#8217;s SEPEX conference will be given by\u00a0<strong>Helena Matute<\/strong>, from the University of Deusto. As many of you know, Helena Matute is a world-leading expert in the study of causal illusions and human contingency learning. She is also well-known for her many contributions to the dissemination of psychological research on social media and popular science events. We are\u00a0extremely happy to have her onboard for this event. Of note, Helena Matute will also participate\u00a0in the\u00a0<a href=\"http:\/\/wpd.ugr.es\/~sejyd\/wp-content\/uploads\/2021\/10\/UNED_Talks.pdf\"><strong>UNED Talks<\/strong><\/a>\u00a0that will take place on the preceding day, also in Madrid. Those of you who can afford attending both events in tandem will have an excellent opportunity to listen to her in the company of\u00a0outstanding speakers like Fernando Blanco, Roberto Colom, Maria Xes\u00fas Frox\u00e1n, \u00c1ngel Fern\u00e1ndez, and Inmaculada S\u00e1nchez Queija.<\/td>\n<\/tr>\n<\/tbody>\n<\/table>\n<table border=\"0\">\n<tbody>\n<tr>\n<td style=\"text-align: justify;\">As in previous years, researchers can participate in SEJyD\u00a02021 with oral communications and poster presentations.\u00a0<strong>Poster presentations<\/strong>\u00a0are open to anybody (including members and non-members of the SEJyD) with an interest in sharing their work on the study of judgement and decision-making. For\u00a0<strong>oral communications<\/strong>, the organizing committee of the SEJyD will contact the research teams directly and invite them to participate with a 15-min oral communication.<\/td>\n<\/tr>\n<\/tbody>\n<\/table>\n<table border=\"0\">\n<tbody>\n<tr>\n<td style=\"text-align: justify;\"><strong>Abstracts<\/strong>\u00a0for oral communications and poster presentations should be sent by email to <a href=\"mailto:sejyd.meetings@gmail.com\"><strong>sejyd.meetings@gmail.com<\/strong><\/a>\u00a0<strong>between April 12 and May 21<\/strong>. In your proposal, please state (a) the\u00a0<strong>format<\/strong>\u00a0of the presentation (oral communication or poster), (b) the\u00a0<strong>title<\/strong>\u00a0of your work, (c) the names and family names of all the\u00a0<strong>authors<\/strong>, (d) the\u00a0<strong>affiliation<\/strong>\u00a0of each author, and (e) an\u00a0<strong>abstract of up to 250 words<\/strong>. We will email detailed\u00a0guidelines for the preparation of the oral communications and posters to all registered participants in a few weeks.<\/td>\n<\/tr>\n<\/tbody>\n<\/table>\n<table border=\"0\">\n<tbody>\n<tr>\n<td style=\"text-align: justify;\">Both attendance and active participation in the meeting will be free of charge. However, for organization purposes,\u00a0<strong>all attendants\u00a0must register<\/strong>\u00a0for this event filling in\u00a0<strong><a href=\"https:\/\/bit.ly\/2PO51j2\">this form<\/a><\/strong>\u00a0by\u00a0<strong>May 21<\/strong>.<\/td>\n<\/tr>\n<\/tbody>\n<\/table>\n<table>\n<tbody>\n<tr>\n<td style=\"text-align: justify;\">For any questions, please feel free to contact the organizing committee at <a href=\"mailto:sejyd.meetings@gmail.com\"><strong>sejyd.meetings@gmail.com<\/strong><\/a><\/td>\n<\/tr>\n<\/tbody>\n<\/table>\n<table border=\"0\">\n<tbody>\n<tr>\n<td><strong>Important dates:<\/strong><\/p>\n<ul>\n<li style=\"text-align: justify;\">Registration: until May 7 (extended to May 21)<\/li>\n<li>Abstract submission: April 12 \u2013 May 7 (extended to May 21)<\/li>\n<li>Meeting: November 16<\/li>\n<\/ul>\n<\/td>\n<\/tr>\n<\/tbody>\n<\/table>\n<table style=\"width: 829px;\">\n<tbody>\n<tr style=\"height: 46.5469px;\">\n<td style=\"text-align: justify; height: 46.5469px; width: 819px;\">The\u00a0scientific programme and abstract book of SEJyD 2021 are already available in <strong><a href=\"http:\/\/wpd.ugr.es\/~sejyd\/wp-content\/uploads\/2021\/10\/SEJyD_abstract_book.pdf\">this link<\/a><\/strong>.<\/p>\n<p>We are looking forward to meeting you at UAM!<\/td>\n<\/tr>\n<\/tbody>\n<\/table>\n<table border=\"0\">\n<tbody>\n<tr>\n<td style=\"text-align: justify;\" width=\"25%\"><img decoding=\"async\" loading=\"lazy\" class=\"wp-image-162 aligncenter\" src=\"http:\/\/wpd.ugr.es\/~sejyd\/wp-content\/uploads\/2017\/04\/logo-sejyd-home-1.png\" alt=\"\" width=\"108\" height=\"110\" \/><\/td>\n<td style=\"text-align: justify;\" width=\"25%\"><img decoding=\"async\" loading=\"lazy\" class=\"wp-image-422 aligncenter\" src=\"http:\/\/wpd.ugr.es\/~sejyd\/wp-content\/uploads\/2021\/04\/logo_SEPEX-300x172.png\" alt=\"\" width=\"158\" height=\"90\" srcset=\"https:\/\/wpd.ugr.es\/~sejyd\/wp-content\/uploads\/2021\/04\/logo_SEPEX-300x172.png 300w, https:\/\/wpd.ugr.es\/~sejyd\/wp-content\/uploads\/2021\/04\/logo_SEPEX.png 440w\" sizes=\"(max-width: 158px) 100vw, 158px\" \/><\/td>\n<td style=\"text-align: justify;\" width=\"25%\"><img decoding=\"async\" loading=\"lazy\" class=\"wp-image-482 aligncenter\" src=\"http:\/\/wpd.ugr.es\/~sejyd\/wp-content\/uploads\/2021\/04\/marcaUAM_centroColor-300x156.jpg\" alt=\"\" width=\"200\" height=\"104\" srcset=\"https:\/\/wpd.ugr.es\/~sejyd\/wp-content\/uploads\/2021\/04\/marcaUAM_centroColor-300x156.jpg 300w, https:\/\/wpd.ugr.es\/~sejyd\/wp-content\/uploads\/2021\/04\/marcaUAM_centroColor-768x399.jpg 768w, https:\/\/wpd.ugr.es\/~sejyd\/wp-content\/uploads\/2021\/04\/marcaUAM_centroColor-1024x532.jpg 1024w, https:\/\/wpd.ugr.es\/~sejyd\/wp-content\/uploads\/2021\/04\/marcaUAM_centroColor-1080x561.jpg 1080w\" sizes=\"(max-width: 200px) 100vw, 200px\" \/><\/td>\n<td style=\"text-align: justify;\" width=\"25%\"><img decoding=\"async\" loading=\"lazy\" class=\"wp-image-423 aligncenter\" src=\"http:\/\/wpd.ugr.es\/~sejyd\/wp-content\/uploads\/2021\/04\/logo_facultad-300x81.png\" alt=\"\" width=\"189\" height=\"51\" srcset=\"https:\/\/wpd.ugr.es\/~sejyd\/wp-content\/uploads\/2021\/04\/logo_facultad-300x81.png 300w, https:\/\/wpd.ugr.es\/~sejyd\/wp-content\/uploads\/2021\/04\/logo_facultad.png 479w\" sizes=\"(max-width: 189px) 100vw, 189px\" \/><\/td>\n<\/tr>\n<\/tbody>\n<\/table>\n","protected":false},"excerpt":{"rendered":"<p>We are happy to announce that the\u00a0third\u00a0SEJyD\u00a0meeting will take place on\u00a0November 16, 2021. The event will be held at the Faculty of Psychology of the\u00a0Autonomous University of Madrid. We are working under the assumption that it will be possible to hold this meeting physically at UAM. But we are also making all arrangements so that &hellip; <\/p>\n<p class=\"link-more\"><a href=\"https:\/\/wpd.ugr.es\/~sejyd\/sejyd-2021\/\" class=\"more-link\">Continue reading<span class=\"screen-reader-text\"> &#8220;SEJyD 2021 Madrid&#8221;<\/span><\/a><\/p>\n","protected":false},"author":1,"featured_media":0,"parent":0,"menu_order":0,"comment_status":"closed","ping_status":"closed","template":"","meta":{"inline_featured_image":false},"_links":{"self":[{"href":"https:\/\/wpd.ugr.es\/~sejyd\/wp-json\/wp\/v2\/pages\/410"}],"collection":[{"href":"https:\/\/wpd.ugr.es\/~sejyd\/wp-json\/wp\/v2\/pages"}],"about":[{"href":"https:\/\/wpd.ugr.es\/~sejyd\/wp-json\/wp\/v2\/types\/page"}],"author":[{"embeddable":true,"href":"https:\/\/wpd.ugr.es\/~sejyd\/wp-json\/wp\/v2\/users\/1"}],"replies":[{"embeddable":true,"href":"https:\/\/wpd.ugr.es\/~sejyd\/wp-json\/wp\/v2\/comments?post=410"}],"version-history":[{"count":93,"href":"https:\/\/wpd.ugr.es\/~sejyd\/wp-json\/wp\/v2\/pages\/410\/revisions"}],"predecessor-version":[{"id":840,"href":"https:\/\/wpd.ugr.es\/~sejyd\/wp-json\/wp\/v2\/pages\/410\/revisions\/840"}],"wp:attachment":[{"href":"https:\/\/wpd.ugr.es\/~sejyd\/wp-json\/wp\/v2\/media?parent=410"}],"curies":[{"name":"wp","href":"https:\/\/api.w.org\/{rel}","templated":true}]}}