{"id":578,"date":"2026-02-19T01:28:11","date_gmt":"2026-02-19T00:28:11","guid":{"rendered":"https:\/\/wpd.ugr.es\/~suspicio\/?page_id=578"},"modified":"2026-03-18T15:35:43","modified_gmt":"2026-03-18T14:35:43","slug":"seminar","status":"publish","type":"page","link":"https:\/\/wpd.ugr.es\/~suspicio\/seminar\/","title":{"rendered":"Seminar"},"content":{"rendered":"\n<div class=\"wp-block-uagb-container uagb-block-c12ccc9b alignfull uagb-is-root-container\">\n<h1 class=\"wp-block-heading has-text-align-center\"><mark style=\"background-color:rgba(0, 0, 0, 0)\" class=\"has-inline-color has-ast-global-color-5-color\">SEMINAR<\/mark><\/h1>\n<\/div>\n\n\n\n<p><\/p>\n\n\n\n<div class=\"wp-block-group has-ast-global-color-3-background-color has-background is-layout-flow wp-block-group-is-layout-flow\">\n<div class=\"wp-block-media-text is-stacked-on-mobile is-vertically-aligned-center has-ast-global-color-5-background-color has-background\" style=\"grid-template-columns:34% auto\"><figure class=\"wp-block-media-text__media\"><img loading=\"lazy\" decoding=\"async\" width=\"724\" height=\"1024\" src=\"https:\/\/wpd.ugr.es\/~suspicio\/wp-content\/uploads\/2026\/03\/Cartel-Seminario-SUSPICIO-724x1024.png\" alt=\"\" class=\"wp-image-615 size-full\" srcset=\"https:\/\/wpd.ugr.es\/~suspicio\/wp-content\/uploads\/2026\/03\/Cartel-Seminario-SUSPICIO-724x1024.png 724w, https:\/\/wpd.ugr.es\/~suspicio\/wp-content\/uploads\/2026\/03\/Cartel-Seminario-SUSPICIO-212x300.png 212w, https:\/\/wpd.ugr.es\/~suspicio\/wp-content\/uploads\/2026\/03\/Cartel-Seminario-SUSPICIO-768x1086.png 768w, https:\/\/wpd.ugr.es\/~suspicio\/wp-content\/uploads\/2026\/03\/Cartel-Seminario-SUSPICIO-1086x1536.png 1086w, https:\/\/wpd.ugr.es\/~suspicio\/wp-content\/uploads\/2026\/03\/Cartel-Seminario-SUSPICIO-1448x2048.png 1448w, https:\/\/wpd.ugr.es\/~suspicio\/wp-content\/uploads\/2026\/03\/Cartel-Seminario-SUSPICIO.png 1587w\" sizes=\"auto, (max-width: 724px) 100vw, 724px\" \/><\/figure><div class=\"wp-block-media-text__content\">\n<h4 class=\"wp-block-heading has-text-align-left has-ast-global-color-1-color has-text-color has-link-color wp-elements-f4c777eb6e48c2a130afc66fa1dad7c0\"><strong>VII SEMINARIO SUSPICIO<\/strong><\/h4>\n\n\n\n<p class=\"has-text-align-left\">\u00abAlgunas ideas sobre esta isla importante. Proyectos de reconstrucci\u00f3n de los espacios imperiales en el Caribe franc\u00e9s y espa\u00f1ol, 1800-1830\u00bb<\/p>\n\n\n\n<p class=\"has-ast-global-color-1-color has-text-color has-link-color wp-elements-62b11933323ea9e92e34785829dc6bc3\">Conferencia a cargo de <strong>Thomas Mareite<\/strong> <br>Jueves, 26 de marzo, a las 18:15 h.<br>Aula 45, Facultad de Filosof\u00eda y Letras<br>Para enlace a la sesi\u00f3n online: iharopa@ugr.es<\/p>\n<\/div><\/div>\n<\/div>\n\n\n\n<div class=\"wp-block-group is-nowrap is-layout-flex wp-container-core-group-is-layout-6c531013 wp-block-group-is-layout-flex\">\n<div style=\"height:29px;width:0px\" aria-hidden=\"true\" class=\"wp-block-spacer wp-container-content-9760934e\"><\/div>\n\n\n\n<div class=\"wp-block-media-text is-stacked-on-mobile is-vertically-aligned-center has-ast-global-color-5-background-color has-background\" style=\"grid-template-columns:34% auto\"><figure class=\"wp-block-media-text__media\"><img loading=\"lazy\" decoding=\"async\" width=\"724\" height=\"1024\" src=\"https:\/\/wpd.ugr.es\/~suspicio\/wp-content\/uploads\/2026\/02\/Cartel-Seminario-SUSPICIO-VI-2-724x1024.png\" alt=\"\" class=\"wp-image-552 size-full\" srcset=\"https:\/\/wpd.ugr.es\/~suspicio\/wp-content\/uploads\/2026\/02\/Cartel-Seminario-SUSPICIO-VI-2-724x1024.png 724w, https:\/\/wpd.ugr.es\/~suspicio\/wp-content\/uploads\/2026\/02\/Cartel-Seminario-SUSPICIO-VI-2-212x300.png 212w, https:\/\/wpd.ugr.es\/~suspicio\/wp-content\/uploads\/2026\/02\/Cartel-Seminario-SUSPICIO-VI-2-768x1086.png 768w, https:\/\/wpd.ugr.es\/~suspicio\/wp-content\/uploads\/2026\/02\/Cartel-Seminario-SUSPICIO-VI-2-1086x1536.png 1086w, https:\/\/wpd.ugr.es\/~suspicio\/wp-content\/uploads\/2026\/02\/Cartel-Seminario-SUSPICIO-VI-2-1448x2048.png 1448w, https:\/\/wpd.ugr.es\/~suspicio\/wp-content\/uploads\/2026\/02\/Cartel-Seminario-SUSPICIO-VI-2.png 1587w\" sizes=\"auto, (max-width: 724px) 100vw, 724px\" \/><\/figure><div class=\"wp-block-media-text__content\">\n<h4 class=\"wp-block-heading has-text-align-left has-ast-global-color-1-color has-text-color has-link-color wp-elements-46190d427bdf50c15fa357c953ee7ab1\"><strong>VI SEMINARIO SUSPICIO<\/strong><\/h4>\n\n\n\n<p class=\"has-text-align-left\">\u00abDe la sospecha a la delaci\u00f3n. El expediente inquisitorial de Juan Esteban de Larracha en la ciudad de M\u00e9xico, 1794-1795\u00bb<\/p>\n\n\n\n<p class=\"has-ast-global-color-1-color has-text-color has-link-color wp-elements-8b0be0289d05f29ac7ba27044354fefc\">Conferencia a cargo de <strong>Vicente Pajuelo Moreno<\/strong><br>Jueves, 26 de febrero, a las 18:15 h.<br>Aula 45, Facultad de Filosof\u00eda y Letras<br>Para enlace a la sesi\u00f3n online: iharopa@ugr.es<\/p>\n<\/div><\/div>\n<\/div>\n\n\n\n<div class=\"wp-block-group has-ast-global-color-3-background-color has-background is-layout-flow wp-block-group-is-layout-flow\">\n<div class=\"wp-block-media-text is-stacked-on-mobile is-vertically-aligned-center has-ast-global-color-5-background-color has-background\" style=\"grid-template-columns:34% auto\"><figure class=\"wp-block-media-text__media\"><img loading=\"lazy\" decoding=\"async\" width=\"724\" height=\"1024\" src=\"https:\/\/wpd.ugr.es\/~suspicio\/wp-content\/uploads\/2026\/01\/WhatsApp-Image-2026-01-16-at-18.51.38-724x1024.jpeg\" alt=\"\" class=\"wp-image-537 size-full\" srcset=\"https:\/\/wpd.ugr.es\/~suspicio\/wp-content\/uploads\/2026\/01\/WhatsApp-Image-2026-01-16-at-18.51.38-724x1024.jpeg 724w, https:\/\/wpd.ugr.es\/~suspicio\/wp-content\/uploads\/2026\/01\/WhatsApp-Image-2026-01-16-at-18.51.38-212x300.jpeg 212w, https:\/\/wpd.ugr.es\/~suspicio\/wp-content\/uploads\/2026\/01\/WhatsApp-Image-2026-01-16-at-18.51.38-768x1086.jpeg 768w, https:\/\/wpd.ugr.es\/~suspicio\/wp-content\/uploads\/2026\/01\/WhatsApp-Image-2026-01-16-at-18.51.38-1086x1536.jpeg 1086w, https:\/\/wpd.ugr.es\/~suspicio\/wp-content\/uploads\/2026\/01\/WhatsApp-Image-2026-01-16-at-18.51.38.jpeg 1131w\" sizes=\"auto, (max-width: 724px) 100vw, 724px\" \/><\/figure><div class=\"wp-block-media-text__content\">\n<h4 class=\"wp-block-heading has-text-align-left has-ast-global-color-1-color has-text-color has-link-color wp-elements-ff2c5d724743cbd7ed6fb40aa4b260cd\"><strong>V SEMINARIO SUSPICIO<\/strong><\/h4>\n\n\n\n<p class=\"has-text-align-left\">\u00abLos ciclos del rumor: reflexiones sobre los efectos de las noticias de guerra en el mundo comercial hispano (1805)\u00bb<\/p>\n\n\n\n<p class=\"has-ast-global-color-1-color has-text-color has-link-color wp-elements-ab4d063c8d107909f59d3bb5d236e7b6\">Conferencia a cargo de <strong>Pablo Ortega del Cerro<\/strong> <br>Jueves, 22 de enero, a las 18:15 h.<br>Sala de juntas del Departamento de Historia Moderna y de Am\u00e9rica, Universidad de Granada.<\/p>\n<\/div><\/div>\n<\/div>\n\n\n\n<div class=\"wp-block-group is-nowrap is-layout-flex wp-container-core-group-is-layout-6c531013 wp-block-group-is-layout-flex\">\n<div style=\"height:100px;width:29px\" aria-hidden=\"true\" class=\"wp-block-spacer wp-container-content-7eea9941\"><\/div>\n\n\n\n<div class=\"wp-block-media-text is-stacked-on-mobile is-vertically-aligned-center has-ast-global-color-5-background-color has-background\" style=\"grid-template-columns:34% auto\"><figure class=\"wp-block-media-text__media\"><img loading=\"lazy\" decoding=\"async\" width=\"640\" height=\"853\" src=\"https:\/\/wpd.ugr.es\/~suspicio\/wp-content\/uploads\/2026\/01\/612549572_17889507147408496_2023053699769190620_n.jpg\" alt=\"\" class=\"wp-image-538 size-full\" srcset=\"https:\/\/wpd.ugr.es\/~suspicio\/wp-content\/uploads\/2026\/01\/612549572_17889507147408496_2023053699769190620_n.jpg 640w, https:\/\/wpd.ugr.es\/~suspicio\/wp-content\/uploads\/2026\/01\/612549572_17889507147408496_2023053699769190620_n-225x300.jpg 225w\" sizes=\"auto, (max-width: 640px) 100vw, 640px\" \/><\/figure><div class=\"wp-block-media-text__content\">\n<h4 class=\"wp-block-heading has-text-align-left has-ast-global-color-1-color has-text-color has-link-color wp-elements-4dcc5e0e7f1bb77fdd05cf7655f4d8f6\"><strong>IV SEMINARIO SUSPICIO<\/strong><\/h4>\n\n\n\n<p class=\"has-text-align-left\">\u00abLa palabra como acci\u00f3n: esc\u00e1ndalo y o\u00eddos honestos en los mecanismos inquisitoriales\u00bb<\/p>\n\n\n\n<p class=\"has-ast-global-color-1-color has-text-color has-link-color wp-elements-b13ec8e09ba5016a2641d4abceac926e\">Conferencia a cargo de <strong>Elsa Pinto Prieto<\/strong><br>Jueves, 18 de diciembre, a las 18:15 h.<br>Sala de juntas del Departamento de Historia Moderna y de Am\u00e9rica, Universidad de Granada.<\/p>\n<\/div><\/div>\n<\/div>\n\n\n\n<div class=\"wp-block-group has-ast-global-color-3-background-color has-background is-layout-flow wp-block-group-is-layout-flow\">\n<div class=\"wp-block-media-text is-stacked-on-mobile has-ast-global-color-5-background-color has-background\" style=\"grid-template-columns:34% auto\"><figure class=\"wp-block-media-text__media\"><img loading=\"lazy\" decoding=\"async\" width=\"724\" height=\"1024\" src=\"https:\/\/wpd.ugr.es\/~suspicio\/wp-content\/uploads\/2025\/05\/Cartel-Seminario-SUSPICIO-III-724x1024.png\" alt=\"\" class=\"wp-image-504 size-full\" srcset=\"https:\/\/wpd.ugr.es\/~suspicio\/wp-content\/uploads\/2025\/05\/Cartel-Seminario-SUSPICIO-III-724x1024.png 724w, https:\/\/wpd.ugr.es\/~suspicio\/wp-content\/uploads\/2025\/05\/Cartel-Seminario-SUSPICIO-III-212x300.png 212w, https:\/\/wpd.ugr.es\/~suspicio\/wp-content\/uploads\/2025\/05\/Cartel-Seminario-SUSPICIO-III-768x1086.png 768w, https:\/\/wpd.ugr.es\/~suspicio\/wp-content\/uploads\/2025\/05\/Cartel-Seminario-SUSPICIO-III-1086x1536.png 1086w, https:\/\/wpd.ugr.es\/~suspicio\/wp-content\/uploads\/2025\/05\/Cartel-Seminario-SUSPICIO-III-1448x2048.png 1448w, https:\/\/wpd.ugr.es\/~suspicio\/wp-content\/uploads\/2025\/05\/Cartel-Seminario-SUSPICIO-III.png 1587w\" sizes=\"auto, (max-width: 724px) 100vw, 724px\" \/><\/figure><div class=\"wp-block-media-text__content\">\n<h4 class=\"wp-block-heading has-text-align-left has-ast-global-color-1-color has-text-color has-link-color wp-elements-762916af7a3a653bfbf577cf62ee19c6\"><strong>III SEMINARIO SUSPICIO<\/strong><\/h4>\n\n\n\n<p><strong>\u00abNahua altepetl, Dynastic Lineages and Royal Female Ancestors in Colonial Central Mexico.\u00bb<\/strong><\/p>\n\n\n\n<p class=\"has-ast-global-color-1-color has-text-color has-link-color wp-elements-4d129afdf1ea2ca5d82183519caacc0a\">Conferencia a cargo de <strong>Richard Herzog<\/strong> <br>Martes, 20 de mayo, a las 18:15 h.<br>Seminario del Departamento de Historia Moderna y de Am\u00e9rica, Universidad de Granada.<\/p>\n<\/div><\/div>\n<\/div>\n\n\n\n<div class=\"wp-block-group is-nowrap is-layout-flex wp-container-core-group-is-layout-6c531013 wp-block-group-is-layout-flex\">\n<div style=\"height:100px;width:0px\" aria-hidden=\"true\" class=\"wp-block-spacer wp-container-content-9760934e\"><\/div>\n\n\n\n<div class=\"wp-block-media-text is-stacked-on-mobile has-ast-global-color-5-background-color has-background\" style=\"grid-template-columns:34% auto\"><figure class=\"wp-block-media-text__media\"><img loading=\"lazy\" decoding=\"async\" width=\"724\" height=\"1024\" src=\"https:\/\/wpd.ugr.es\/~suspicio\/wp-content\/uploads\/2025\/05\/Cartel-Seminario-SUSPICIO-724x1024.png\" alt=\"\" class=\"wp-image-471 size-full\" srcset=\"https:\/\/wpd.ugr.es\/~suspicio\/wp-content\/uploads\/2025\/05\/Cartel-Seminario-SUSPICIO-724x1024.png 724w, https:\/\/wpd.ugr.es\/~suspicio\/wp-content\/uploads\/2025\/05\/Cartel-Seminario-SUSPICIO-212x300.png 212w, https:\/\/wpd.ugr.es\/~suspicio\/wp-content\/uploads\/2025\/05\/Cartel-Seminario-SUSPICIO-768x1086.png 768w, https:\/\/wpd.ugr.es\/~suspicio\/wp-content\/uploads\/2025\/05\/Cartel-Seminario-SUSPICIO-1086x1536.png 1086w, https:\/\/wpd.ugr.es\/~suspicio\/wp-content\/uploads\/2025\/05\/Cartel-Seminario-SUSPICIO-1448x2048.png 1448w, https:\/\/wpd.ugr.es\/~suspicio\/wp-content\/uploads\/2025\/05\/Cartel-Seminario-SUSPICIO.png 1587w\" sizes=\"auto, (max-width: 724px) 100vw, 724px\" \/><\/figure><div class=\"wp-block-media-text__content\">\n<h4 class=\"wp-block-heading has-ast-global-color-1-color has-text-color has-link-color has-medium-font-size wp-elements-637c893c12bbd3e4b59d07231165827d\"><strong>II SEMINARIO SUSPICIO<\/strong><\/h4>\n\n\n\n<p class=\"has-text-align-left\"><strong>\u00abLa Sospecha como enfoque y concepto de investigaci\u00f3n.\u00bb<\/strong><\/p>\n\n\n\n<p class=\"has-ast-global-color-1-color has-text-color has-link-color wp-elements-674ffb87e15c4365b813cdc7a01ac2be\">Conferencia a cargo de <strong>Martin Biersack <\/strong><br>Martes, 22 de Abril, a las 16:15 h.<br>Seminario del Departamento de Historia Moderna y de Am\u00e9rica, Universidad de Granada.<\/p>\n\n\n\n<div style=\"height:100px\" aria-hidden=\"true\" class=\"wp-block-spacer\"><\/div>\n<\/div><\/div>\n<\/div>\n\n\n\n<div class=\"wp-block-group has-ast-global-color-3-background-color has-background is-layout-flow wp-block-group-is-layout-flow\">\n<div class=\"wp-block-media-text is-stacked-on-mobile has-ast-global-color-5-background-color has-background\" style=\"grid-template-columns:34% auto\"><figure class=\"wp-block-media-text__media\"><img loading=\"lazy\" decoding=\"async\" width=\"725\" height=\"1024\" src=\"https:\/\/wpd.ugr.es\/~suspicio\/wp-content\/uploads\/2025\/03\/Captura-de-pantalla-2025-03-19-a-las-0.34.24-725x1024.png\" alt=\"\" class=\"wp-image-438 size-full\" srcset=\"https:\/\/wpd.ugr.es\/~suspicio\/wp-content\/uploads\/2025\/03\/Captura-de-pantalla-2025-03-19-a-las-0.34.24-725x1024.png 725w, https:\/\/wpd.ugr.es\/~suspicio\/wp-content\/uploads\/2025\/03\/Captura-de-pantalla-2025-03-19-a-las-0.34.24-212x300.png 212w, https:\/\/wpd.ugr.es\/~suspicio\/wp-content\/uploads\/2025\/03\/Captura-de-pantalla-2025-03-19-a-las-0.34.24.png 732w\" sizes=\"auto, (max-width: 725px) 100vw, 725px\" \/><\/figure><div class=\"wp-block-media-text__content\">\n<h4 class=\"wp-block-heading has-text-align-left has-ast-global-color-1-color has-text-color has-link-color wp-elements-a4872851b26f397a9f6f21cd8284aa63\"><strong>I SEMINARIO SUSPICIO<\/strong><\/h4>\n\n\n\n<p> <strong>\u00abLa polic\u00eda en Hispanoam\u00e9rica: funci\u00f3n, poder e instituciones (fines del siglo XVIII a inicios del XIX)\u00bb<\/strong><\/p>\n\n\n\n<p class=\"has-ast-global-color-1-color has-text-color has-link-color wp-elements-610a53f13e7229e827e60ebf8bd73d5b\">Conferencia a cargo de <strong>Agustina Vaccaroni<\/strong> <br>Jueves, 20 de marzo, a las 18:15 h.<br>Seminario del Departamento de Historia Moderna y de Am\u00e9rica, Universidad de Granada.<\/p>\n<\/div><\/div>\n<\/div>\n\n\n\n<p><\/p>\n","protected":false},"excerpt":{"rendered":"<p>SEMINAR VII SEMINARIO SUSPICIO \u00abAlgunas ideas sobre esta isla importante. Proyectos de reconstrucci\u00f3n de los espacios imperiales en el Caribe [&hellip;]<\/p>\n","protected":false},"author":1,"featured_media":0,"parent":0,"menu_order":0,"comment_status":"closed","ping_status":"closed","template":"","meta":{"_uag_custom_page_level_css":"","site-sidebar-layout":"default","site-content-layout":"","ast-site-content-layout":"","site-content-style":"default","site-sidebar-style":"default","ast-global-header-display":"","ast-banner-title-visibility":"","ast-main-header-display":"","ast-hfb-above-header-display":"","ast-hfb-below-header-display":"","ast-hfb-mobile-header-display":"","site-post-title":"disabled","ast-breadcrumbs-content":"","ast-featured-img":"","footer-sml-layout":"","theme-transparent-header-meta":"","adv-header-id-meta":"","stick-header-meta":"","header-above-stick-meta":"","header-main-stick-meta":"","header-below-stick-meta":"","astra-migrate-meta-layouts":"default","ast-page-background-enabled":"default","ast-page-background-meta":{"desktop":{"background-color":"var(--ast-global-color-4)","background-image":"","background-repeat":"repeat","background-position":"center center","background-size":"auto","background-attachment":"scroll","background-type":"","background-media":"","overlay-type":"","overlay-color":"","overlay-opacity":"","overlay-gradient":""},"tablet":{"background-color":"","background-image":"","background-repeat":"repeat","background-position":"center center","background-size":"auto","background-attachment":"scroll","background-type":"","background-media":"","overlay-type":"","overlay-color":"","overlay-opacity":"","overlay-gradient":""},"mobile":{"background-color":"","background-image":"","background-repeat":"repeat","background-position":"center center","background-size":"auto","background-attachment":"scroll","background-type":"","background-media":"","overlay-type":"","overlay-color":"","overlay-opacity":"","overlay-gradient":""}},"ast-content-background-meta":{"desktop":{"background-color":"var(--ast-global-color-5)","background-image":"","background-repeat":"repeat","background-position":"center center","background-size":"auto","background-attachment":"scroll","background-type":"","background-media":"","overlay-type":"","overlay-color":"","overlay-opacity":"","overlay-gradient":""},"tablet":{"background-color":"var(--ast-global-color-5)","background-image":"","background-repeat":"repeat","background-position":"center center","background-size":"auto","background-attachment":"scroll","background-type":"","background-media":"","overlay-type":"","overlay-color":"","overlay-opacity":"","overlay-gradient":""},"mobile":{"background-color":"var(--ast-global-color-5)","background-image":"","background-repeat":"repeat","background-position":"center center","background-size":"auto","background-attachment":"scroll","background-type":"","background-media":"","overlay-type":"","overlay-color":"","overlay-opacity":"","overlay-gradient":""}},"footnotes":""},"class_list":["post-578","page","type-page","status-publish","hentry"],"uagb_featured_image_src":{"full":false,"thumbnail":false,"medium":false,"medium_large":false,"large":false,"1536x1536":false,"2048x2048":false},"uagb_author_info":{"display_name":"suspicio","author_link":"https:\/\/wpd.ugr.es\/~suspicio\/author\/suspicio\/"},"uagb_comment_info":0,"uagb_excerpt":"SEMINAR VII SEMINARIO SUSPICIO \u00abAlgunas ideas sobre esta isla importante. Proyectos de reconstrucci\u00f3n de los espacios imperiales en el Caribe [&hellip;]","_links":{"self":[{"href":"https:\/\/wpd.ugr.es\/~suspicio\/wp-json\/wp\/v2\/pages\/578","targetHints":{"allow":["GET"]}}],"collection":[{"href":"https:\/\/wpd.ugr.es\/~suspicio\/wp-json\/wp\/v2\/pages"}],"about":[{"href":"https:\/\/wpd.ugr.es\/~suspicio\/wp-json\/wp\/v2\/types\/page"}],"author":[{"embeddable":true,"href":"https:\/\/wpd.ugr.es\/~suspicio\/wp-json\/wp\/v2\/users\/1"}],"replies":[{"embeddable":true,"href":"https:\/\/wpd.ugr.es\/~suspicio\/wp-json\/wp\/v2\/comments?post=578"}],"version-history":[{"count":5,"href":"https:\/\/wpd.ugr.es\/~suspicio\/wp-json\/wp\/v2\/pages\/578\/revisions"}],"predecessor-version":[{"id":622,"href":"https:\/\/wpd.ugr.es\/~suspicio\/wp-json\/wp\/v2\/pages\/578\/revisions\/622"}],"wp:attachment":[{"href":"https:\/\/wpd.ugr.es\/~suspicio\/wp-json\/wp\/v2\/media?parent=578"}],"curies":[{"name":"wp","href":"https:\/\/api.w.org\/{rel}","templated":true}]}}